 5. Let f(l) = 6*n(l) - 5*x(l). Suppose 23*i - 27*i = -4. Give f(i).
0
Let t(m) = m**2 + 2*m + 3. Let w be (1 - (-6)/(-3))*28/7. Give t(w).
11
Let z(n) = n - 1. Let v(c) = c**2 - 1. Let m(x) = v(x) + z(x). Suppose 5*w - 16 = 24. Suppose -1 = 3*q - q - l, w = -q + 2*l. Give m(q).
4
Let l = -1139 - -1148. Let b(d) = d + 5. Calculate b(l).
14
Let k(g) = 2*g + 2. Let s(r) = -3*r + 3. Let i be s(2). Determine k(i).
-4
Let r(s) = -8*s**3 + 39*s**2 + 5*s + 71. Let f(i) = 11*i**3 - 56*i**2 - 8*i - 106. Let o(l) = 5*f(l) + 7*r(l). Give o(-7).
2
Suppose 2*y + c = 4, 3*y + 5*c + 0 = 6. Let s(t) = -3 + 3*t + 8*t**2 + 0 - 8*t**2 + t**y. Let p be s(-4). Let q(o) = 5*o**3 - 2*o**2 + 2*o - 1. Calculate q(p).
4
Let m(n) = -n**2 - 2*n + 60. Let k(q) = q**2 + 2*q - 51. Let v(l) = -5*k(l) - 4*m(l). Calculate v(-6).
-9
Let c = 0 + -4. Let s(h) = -2*h**2 - 2*h - 2. Let r(n) = 10*n**2 + 8*n + 11. Let v(a) = -r(a) - 6*s(a). Calculate v(c).
17
Let z(t) = -2*t + 3. Let p = 89 - 88. Suppose -p = -3*f + 5. Give z(f).
-1
Let a(c) be the second derivative of c**3/3 - 3*c**2/2 + 7*c. Let f = -2 + 0. Let q be -2 + 1 - (-4 + f). Determine a(q).
7
Let f(j) = 5*j**3 + j. Let h(k) be the first derivative of k**3/3 - 8*k**2 - k - 3. Let w be h(16). What is f(w)?
-6
Let i(g) = -4*g**2 - 827*g + 826*g - 3*g**2. Suppose -5*c = 4*x - 8, x + 4*c + 10 = 6*x. Let j = 1 - x. Give i(j).
-6
Suppose 2*h - 3*o = 11 - 1, 5*o + 14 = 2*h. Suppose 16 = k + 3*k + n, 5*k = h*n + 20. Let d(c) = 2*c**2 - 5*c - 2. What is d(k)?
10
Let b(y) = y**3 + y + 1. Let r(n) = -3*n**3 + 2*n**2 + 2. Let o(a) = -2*b(a) - r(a). Suppose -4*m - 8 = -16. Suppose -6 + 0 = -m*z. What is o(z)?
-1
Let t(f) = -f**2 + 6*f. Suppose -4*y = -4*p - 16, 2*y + 6 = -3*p + 24. Let z be t(y). Let n(a) be the first derivative of a**4/4 + a**3/3 - a + 2. Give n(z).
-1
Let s(t) = t - 8. Let d = 28 + -25. Suppose -3*j + d*l + 39 = 0, -2*j + 0*l - 5*l - 9 = 0. Give s(j).
0
Let r(q) = -19*q**2 - 2*q + 1. Suppose 12*i + 61 - 73 = 0. Calculate r(i).
-20
Let x(k) = -k**3 - 5*k**2 - k - 2. Suppose -s + 21*s = -80. What is x(s)?
-14
Let t = 15 - -2. Suppose -1 = 3*z + t. Let a(w) = -12*w**2 + 5 + w**3 + 4 + 18*w**2 - 2. Calculate a(z).
7
Suppose 20 = 3*d - 4*d - 4*k, d - 12 = 4*k. Let o be 324/8 - 2/d. Let q(a) = -40*a**2 + a + o*a**2 + 0*a. Calculate q(3).
12
Let s(p) = -p**2 - p + 2. Let t(c) = c - 1. Let v(r) = 3*s(r) + 5*t(r). Let n = -4 - -2. Determine v(n).
-15
Let l be ((-3)/3)/(1/3). Let p = l + 3. Let m(d) be the first derivative of d**3/3 - d**2/2 + 6*d - 8. What is m(p)?
6
Suppose -4*c = -4*n + 204, -2*n + n - 4*c = -36. Suppose 0 = -43*y + n*y + 20. Let z(f) = -2*f - 3. What is z(y)?
5
Let j(u) = -7*u**3 - 8*u**2 + 5*u - 1. Let f(v) = 4*v**3 + 4*v**2 - 3*v. Let r(s) = 5*f(s) + 3*j(s). Let g = 186 - 267. Let q = g - -77. Determine r(q).
-3
Let c(k) = -2*k + 5. Let m(d) = -6*d + 12. Let o(t) = -5*c(t) + 2*m(t). Determine o(5).
-11
Let l(w) = w**3 - 4 + 5*w**2 - w + 2*w**2 - w + 12. Suppose 0 = -4*o - 30 + 2. Give l(o).
22
Let h(v) be the first derivative of -v**4/12 + 5*v**3/6 + v**2/2 + v + 1. Let i(y) be the first derivative of h(y). Let k be -2 + (-8)/(-6)*6. Give i(k).
-5
Let z(k) be the third derivative of -k**5/60 + k**4/6 + 5*k**3/6 - k**2. Let v = 3 + 2. Give z(v).
0
Let a(s) be the first derivative of -s**3/3 - s + 84. Determine a(-3).
-10
Let d be 19/(-2)*(5 - 7). Let l(w) = -d + w**2 - 31*w + 18*w + 14*w. Give l(0).
-19
Suppose 2*o + 105 = 83. Let u(x) = -x**3 - 12*x**2 - 11*x + 2. Calculate u(o).
2
Suppose -3*n + 16 = 4*d, -d - 20 = -6*d. Let s be (n/(-2) - 1)*-6. Let h(u) be the second derivative of -u**3/3 + 5*u**2/2 + 3*u. Calculate h(s).
-7
Let i(y) be the third derivative of -1/120*y**6 + 0 + 1/3*y**3 + 48*y**2 + 1/10*y**5 - 5/24*y**4 + 0*y. What is i(4)?
14
Let a(v) = 2*v**3 + 2*v - 1. Let u be a(1). Let y be (1 - (1 + u)) + (-18 - -19). Let b(n) = 4*n + 2. Give b(y).
-6
Suppose -5*a - 25 = 0, 0 = -5*t - a + 5*a - 15. Let x(c) = c**2 + 10*c + 4. Determine x(t).
-17
Suppose -79*k + 84*k - 25 = 0. Let h(q) = -q**3 + 4*q**2 + q - 4. Give h(k).
-24
Suppose -36 = -0*z - 3*z. Let a(u) = z - 5*u**2 - 18 + 5. Let y be ((-2)/4 + 1)*2. Determine a(y).
-6
Let v(u) be the second derivative of -u**5/10 + u**4/2 - u**2/2 + 46*u - 2. Give v(4).
-33
Let h(g) = 2*g**2 - 9*g - 1. Let d(s) = -s**2 + s + 1. Let f(a) = 3*d(a) + h(a). Let j = -799 + 796. Calculate f(j).
11
Suppose 4*y = -2*q - 32, 3*q - 3*y + 4 = 1. Let b(n) = -5*n**3 - 7*n**2 - n - 4*n + 4*n**3 + 6. What is b(q)?
0
Let o(m) = -m**3 - 7*m**2 + 3. Let r be o(-7). Suppose -j = r*q - 13 - 1, 2 = -2*j. Suppose l = 3*l - 3*k - 7, -q*l - 8 = k. Let x(n) = -5*n**2 - 1. Give x(l).
-6
Let g(q) = 3*q**3 + 12*q**2 + 5*q - 18. Let x(m) = -16*m**3 - 60*m**2 - 24*m + 91. Let y(n) = 11*g(n) + 2*x(n). Calculate y(-11).
28
Let k(w) = -3*w + 1. Let m(g) = -g - 1. Let z(x) = k(x) - 4*m(x). Suppose 0 = -781*l + 779*l - 8. What is z(l)?
1
Let k(s) = -2*s - 2. Suppose 65 = -29*q + 16*q. Give k(q).
8
Let h(x) = -x**3 - 5*x**2 - 2*x - 3. Let s be (1 + 2)*(4 - 24/18). Suppose -3*b = 3*m + 27, -b = -3*m - 3 - s. Give h(m).
7
Let f(g) = 3 - 5 + 2*g + 1 - 3. Let i = -17 + 23. What is f(i)?
8
Let q(a) = a**2 - 5*a - 1. Let i(u) = 12. Let b(r) = -i(r) + q(r). Give b(7).
1
Let o(b) be the first derivative of -b**2/2 + 8*b - 421. Let p(k) = k**2 - 2. Let i be p(-3). Calculate o(i).
1
Let q(b) be the second derivative of -1/6*b**3 + 8*b + 0 + 1/4*b**4 + b**2. Give q(2).
12
Let f(n) = -n**3 - 5*n**2 - 2*n - 6. Let r = 162 - 167. Give f(r).
4
Let u = 639 + -634. Let r(f) = 4*f - 32. What is r(u)?
-12
Suppose -40 = -55*l + 180. Let b(r) = -2*r**2 + 7*r + 2. Calculate b(l).
-2
Let t(l) = -3*l**2 - l - 1. Suppose 2*b + 5 = 3. Let m = b - 2. Let z = -4 - m. What is t(z)?
-3
Let z be (-60)/(-25)*-3*30/36. Let w(d) = 5*d + 31. Determine w(z).
1
Let y(t) = 83*t**3 - 2*t**2 + 1. Let g be y(1). Let z(s) = 5 - 171*s + 86*s + g*s. Calculate z(4).
-7
Let a(l) be the first derivative of l**4/4 - 3*l**3 + 3*l**2/2 - 6*l + 13. Calculate a(9).
21
Suppose 2*s - s + 3 = 0. Let c(k) = 2*k + 7. Let y be c(s). Let h(p) = p - 4 - 45*p**3 + 0*p + 43*p**3 + 3. What is h(y)?
-2
Let p be ((-2)/4)/((-1)/4). Let q(o) be the first derivative of -2 - o - o**p + 2 - 3. Calculate q(4).
-9
Let c be (-2)/(-4) - (4/8)/1. Let p(b) = -b**3 + 9. Calculate p(c).
9
Let i(a) = -2*a + 11. Suppose -3 = -u, -2*f + 15 = -0*u - u. What is i(f)?
-7
Suppose 6*s + 18 = 8*s. Let z(i) = s*i - 6 - 2*i**2 - 4*i - i - 10*i. Calculate z(-4).
-14
Let w be 3*1*(8/(-24) - -1). Let x(i) = i**3 - 2*i**2 - i - 1. Calculate x(w).
-3
Let l(n) = -n**2 + 2*n - 6. Let g be 7 + (-7 - -6 - 2). Calculate l(g).
-14
Let n be -1 - (-2 - -2) - -3. Let y = 40 - -9. Let k(f) = -51*f + y*f + 4 - 2. Determine k(n).
-2
Let g(v) = -6*v + 3. Let l(r) = -6*r + 4. Let o(x) = -7*x + 5. Let k(q) = 3*l(q) - 2*o(q). Let p(j) = 5*g(j) - 7*k(j). What is p(5)?
-9
Let j = -291 + 291. Suppose -r = 4, 2*r = -4*k - j*r - 4. Let s(w) = -3*w**3 - 5*w**3 + 6*w**3. Give s(k).
-2
Suppose 99*s - 98*s - 13 = 0. Let b(g) = -g**2 + 15*g - 5. Determine b(s).
21
Let l(i) = 3*i**2 - i + 6. Let m be l(3). Let b be (1 + -6)*m/50. Let h be 8/((-6)/(b - 0)). Let s(j) = -j - 1. What is s(h)?
-5
Let i(j) be the second derivative of -j**4/12 + 7*j**3/6 - 3*j**2/2 - 8*j + 1. What is i(6)?
3
Let u(b) be the first derivative of b**4/4 + 8*b**3/3 - b**2 + 2*b + 85. Give u(-8).
18
Let d(x) = -x**3 + 7*x**2 + 2*x - 12. Let o be d(7). Let a(k) = 5*k + 0*k**2 - k**o - 1 + 4*k - 2*k. Determine a(6).
5
Let i(d) = d. Let o be i(3). Suppose -o = 3*b - 9. Suppose -2*n + 20 = l + 2*l, 0 = -b*n + l + 12. Let g(m) = m**2 - 9*m + 8. Determine g(n).
-6
Let z(f) = -f**2 - 11*f - 4. Let b = 2134 - 2145. Give z(b).
-4
Let b(p) = -6 - 8*p + 115*p**2 - 108*p**2 - 10*p**3 + 11*p**3. What is b(-8)?
-6
Let s = -1 - -13. Suppose 0 = q - 3*q + s. Let f(i) be the third derivative of -i**5/60 + i**4/4 + i**3/3 - 4*i**2. Calculate f(q).
2
Let t(o) = -o**2 - 16*o - 4. Let k be (5 + (-1)/(-3))*-3. Determine t(k).
-4
Suppose 0*t + 4*i = t - 28, 3*t + 5*i = 50. Let w(g) = 5 - 21*g + t*g + 3 + 1. Determine w(4).
5
Let i(v) be the third derivative of v**4/4 - v**3/6 - v**2 - 76. Calculate i(-1).
-7
Let h = -22 - -4. Let u = h - -20. Suppose 4*d 